 Let k be h(c). Suppose 0 = 2*d + k - 12. What is the units digit of d?
4
Suppose -g = -2*l - 16 + 2, 0 = -5*g + 4*l + 88. What is the tens digit of g?
2
Suppose -7 - 2 = 3*n + 3*k, -2*k = 4*n + 6. Let m = 72 + -20. Suppose 4*p - m = -n. What is the tens digit of p?
1
Suppose -q - 3*q = -16, -3*q + 8 = -2*k. Let n = k - -25. What is the tens digit of n?
2
Suppose 2 = -5*a - 3*u - 10, 5*a = 3*u + 12. Let x(p) = 3*p + 0*p + 3 - 2*p. What is the units digit of x(a)?
3
Let r(z) = 8*z**2 + z - 1. What is the units digit of r(-2)?
9
Suppose 3*m = 5*m. Suppose -3*l + 3*r + 0*r + 27 = m, -l - 2*r = 0. What is the units digit of l?
6
Suppose -m = -5*k + m + 65, 0 = 4*k - 3*m - 45. What is the units digit of k?
5
Suppose -5*g = -3*o + 130, 5*o + 2*g + 5 = 263. What is the tens digit of o?
5
Suppose 0 = -4*w + 2*w - 8. Suppose 91 - 3 = 11*a. Let b = w + a. What is the units digit of b?
4
Suppose 54*u = 52*u + 40. What is the units digit of u?
0
Suppose 2*q - 16 = -6. Let x = q + 2. What is the units digit of x?
7
Suppose -n - 3 = -2*n. What is the units digit of n?
3
Suppose 295 = 5*o - 4*m, 5*o + 2*m - 176 = 149. What is the tens digit of o?
6
Suppose 3*a + 2*x = 46 - 6, -4*a + 52 = 4*x. What is the units digit of a?
4
Let p(l) = -l**2 - 11*l - 17. What is the tens digit of p(-7)?
1
Suppose 20 = 2*u + 3*u. Suppose -3*c + p = -u*p + 12, 4*c + 2*p + 16 = 0. What is the units digit of 3 - (c + (-4)/(-2))?
5
Let r = -1 + 10. Let d = r + -5. Suppose 3*y = -y - u + 21, 2*u + 30 = d*y. What is the units digit of y?
6
What is the hundreds digit of 5/10*(0 - -384)?
1
Let g(k) = -k**3 - 3*k**2 + 6*k - 6. What is the units digit of g(-5)?
4
What is the units digit of 0 + 3*(-58)/(-2) + 1?
8
Let h(c) = c**2 + 5. Let n be h(0). Suppose -n*p + 5*y = 40, -23 = 4*p - 5*y + 13. Let u(b) = b**3 + 4*b**2 - 2*b - 1. What is the units digit of u(p)?
7
Suppose 0*d = -3*d - 45. Let o be (55/d)/((-1)/(-3)). What is the tens digit of 2/(-2 + (-24)/o)?
1
Suppose -1 = 2*p - 5. Suppose -6*m + p*m = -56. What is the tens digit of m?
1
Let t = 0 - -2. Let z be (-2 + 0)*(-1)/t. What is the units digit of (z/(-3))/(2/(-30))?
5
Let m(s) = -7*s**2 + 5*s - 4. Let b(k) = k**2. Let c(a) = 6*b(a) + m(a). What is the units digit of c(3)?
2
Let r(a) = 2*a**2 + 3*a - 1. Let m be r(3). What is the tens digit of m + 3 + 6/2?
3
Suppose -605 = 10*s - 15*s. What is the hundreds digit of s?
1
Let a(k) = -11*k + 9. What is the units digit of a(-4)?
3
Let d = 67 - 26. What is the tens digit of d?
4
Let f = -14 + 16. Suppose -2*q + 90 = 2*r, -5*r + q - f*q = -205. What is the tens digit of r?
4
Suppose 0*o + 3*o - 6 = 0. Let l be 12*o*1/6. Suppose l*r = 4, -r = -2*x + 1 + 4. What is the units digit of x?
3
Suppose 3*h - 2 = 2*h. Let y = 4 - h. Suppose -y*p + 2*f + 14 = -0*f, 0 = -p + 4*f + 19. What is the units digit of p?
3
Let y(f) = 3*f**2 + 4*f + 7. What is the tens digit of y(-6)?
9
Suppose -4*b = 133 - 877. What is the hundreds digit of b?
1
Suppose -2*p + 3 + 3 = 0. Let q = 4 - p. Suppose -l = -2*l + q, -2*l = m - 6. What is the units digit of m?
4
Let m(x) = -x. Let g(z) = 9*z + 4. Let r(n) = -g(n) - 6*m(n). Let p be r(-3). Suppose 3*v = -2*o + 1, 15 = p*o - 2*v + 3. What is the units digit of o?
2
Let b be ((-3)/(-6))/((-3)/(-120)). Let i = b - 15. What is the units digit of i?
5
Let s be 2/2*(1 - -1). Let r be (s*-2)/2*4. What is the units digit of ((-12)/(-3))/((-4)/r)?
8
Let d(k) = -k**2 + 7*k - 4. Let w be d(5). Suppose -2*i + 7*i = 30. What is the units digit of 4/w*-3 + i?
4
Suppose 2*c + 6 = 0, 4*x = 2*x + 5*c - 293. What is the units digit of x/(-8) + (-2)/8?
9
Suppose -c - 3 = 4*i + 2, 4*i = 2*c + 10. Suppose -l - 2*l + 3 = i. What is the units digit of l?
1
Suppose -4*x + 4*h = -140, -2*h + 84 = 4*x - 32. What is the tens digit of x?
3
Suppose -2*y + 3*c - 178 = c, -3*y - 272 = -2*c. What is the units digit of (-2)/(-8) + y/(-8)?
2
Let y(l) = 4*l**3 - 2*l**3 - l**3 + 0*l**3 + 3*l - 3 + 7*l**2. What is the units digit of y(-4)?
3
Let c(k) = 3*k**2 - k**3 + k - k**2 + 0*k**3. Let j be c(2). Suppose s = -j*q + 2*s + 12, 28 = q + 5*s. What is the units digit of q?
8
Let o be 20/50 - (-123)/5. Suppose o = 5*x - 5. What is the units digit of (x/4)/((-12)/(-32))?
4
Let u = 13 - 9. Suppose 0 = -0*a + 2*a - 3*n + 1, 2*a = -2*n + u. What is the units digit of a?
1
Let s(p) = -p**3 - 6*p**2 - 3*p + 2. Let b be s(-4). Let o be (b/15)/((-2)/20). Suppose -4*x + o = -x. What is the units digit of x?
4
Let f = -8 + 5. What is the units digit of (f - -3) + -2 - -16?
4
Let p(h) = -h**3 - 6*h**2 + 6*h - 3. Let g be p(-7). Suppose -18 = -r - g. What is the tens digit of r?
1
Suppose 2*k - 16 = -4*f - 2*k, -8 = -4*k. Suppose -5*d + f*d + 27 = 3*l, l - 29 = -5*d. Suppose -5 = d*t, -2*i + 3*t + 25 = -2*t. What is the units digit of i?
0
Suppose 0 = 5*v + 15, 5*z = v - 2. Let r(q) = -31*q**3 - 1. What is the units digit of r(z)?
0
Let g = 20 - 12. Let i(o) = -o**3 + 7*o**2 + 8*o + 4. Let c be i(g). Suppose -c*r + 6 + 14 = 0. What is the units digit of r?
5
Let u(c) be the first derivative of -c**4/24 - c**3/2 + c**2 + 2. Let i(z) be the second derivative of u(z). What is the units digit of i(-7)?
4
Suppose 3*h + 4 - 7 = 0. Suppose w = h + 1. Let i(r) = 2*r + 1. What is the units digit of i(w)?
5
Let b(i) be the first derivative of -6*i + 2 - 5/2*i**2 - 2*i**3 + 1/4*i**4. What is the units digit of b(7)?
8
What is the units digit of (87/(-6))/(7/(-42))?
7
Let m(v) = v**3 - 5*v**2 - v + 4. Suppose -10 = 2*q - 4*q. Let i be m(q). Let c(g) = 12*g**2 - 1. What is the tens digit of c(i)?
1
Let v = 16 - 16. Suppose -2*u - 1 = -3. Suppose 0 = -v*c + c - u. What is the units digit of c?
1
What is the tens digit of 2/4 + 196/8?
2
Suppose -5*z = 5*m - 75, 51 = 5*m + 3*z - 4*z. What is the tens digit of m?
1
Let d(t) be the first derivative of t**3/3 - t**2/2 + t - 3. What is the units digit of d(-3)?
3
Suppose w = 4*w - 2*n - 83, n = -5*w + 147. Let a = w + -14. What is the tens digit of a?
1
Suppose 0 = -4*s + 3*s + 46. Suppose 2*y + y = 4*f - s, -3*f = -5*y - 40. What is the units digit of f?
0
Let f(r) = -r**2 + 15*r - 13. What is the units digit of f(9)?
1
Let i(x) = x**2 + 7*x - 9. Let f be i(-10). Suppose -m = 2*m - f. What is the units digit of m?
7
Let o(p) = 2*p + 2. Let r be o(2). Let q(n) = -5*n - 4 - n**3 + 14*n**2 - 7*n**2 - 1. What is the units digit of q(r)?
1
Suppose 3*v = -v + 20, a = -3*v + 90. Let f = a + -51. What is the units digit of f?
4
Let v(r) = 40*r**2 + 4*r - 8. What is the units digit of v(2)?
0
Let t be (-94)/(-30) - (-6)/(-45). Suppose 0 = 5*z + 2*q - 19, q + 1 = t*z - 6. What is the units digit of z?
3
Suppose -4*t = -2*h - 18, 0 = -2*t - 3*t + 2*h + 23. Let g = t - 6. What is the tens digit of 12 - (2 + (g - 0))?
1
Let f(g) = 2*g + 3. Let d be f(0). Suppose d*c = 14 + 7. What is the units digit of c?
7
Let f(t) = -4 - 22*t + 18*t - 2*t**2 + t**2. Let z be f(-5). What is the units digit of 12/(-18)*z/2?
3
Let g(l) = 6 + l - 2*l - 2. Let q be g(3). Let n(x) = 2*x**3 - x + 1. What is the units digit of n(q)?
2
Let z be (1/(-2) - 0)*-38. Suppose l = 2, 5*k + 5 - z = -2*l. Suppose o + 19 + 1 = -5*r, 3*r = -k*o - 5. What is the units digit of o?
5
Let z = -10 - -31. Let h = -15 + z. What is the units digit of h?
6
Suppose 12 - 40 = 4*w. Let j(b) = -b**3 - 7*b**2 - 4*b - 3. Let g be j(w). Let c = g - 11. What is the units digit of c?
4
Let k(y) = -y**2 + 2*y**2 + 0*y**2 + 2*y. What is the units digit of k(-4)?
8
What is the units digit of ((-72)/21)/((-2)/28)?
8
Suppose 0 = a - 0*a - 8. Suppose 4*j + 2*m - 13 = -1, -j + a = -2*m. Suppose 5*t - y + 4*y - 18 = 0, j*t + 4*y - 16 = 0. What is the units digit of t?
3
What is the tens digit of ((-4)/(-6))/((-4)/(-72))?
1
Suppose 1 = 3*m - 4*i, -m + 0 = i - 5. Suppose 2*z = m*z - 1. What is the units digit of z?
1
Let u be 30/4*16/12. Let d = 16 - u. What is the units digit of d?
6
Let r = -25 - -48. What is the tens digit of r?
2
Suppose j - 6*j + 190 = 0. Let g = j - 16. Suppose -5*v + g = -3*f, 3*v + 0*f - 13 = 2*f. What is the units digit of v?
5
Suppose 2*a = -0*a + 20. Let g(i) = i**2 - 3*i - 3. Let c be g(6). Let y = c - a. What is the units digit of y?
5
Suppose -6*p + p + 25 = 0. Suppose p*o - 2*o - 54 = 0. What is the units digit of o